{"id":2,"date":"2013-07-30T10:03:40","date_gmt":"2013-07-30T10:03:40","guid":{"rendered":"http:\/\/www.bleucommelalune.ch\/wordpress\/?page_id=2"},"modified":"2026-05-17T04:38:44","modified_gmt":"2026-05-17T02:38:44","slug":"sample-page","status":"publish","type":"page","link":"https:\/\/www.bleucommelalune.ch\/wordpress\/","title":{"rendered":"Bienvenue sur le site internet de l&rsquo;ensemble vocal Bleu comme la lune"},"content":{"rendered":"\n<div class=\"wp-block-columns is-layout-flex wp-container-core-columns-is-layout-8f761849 wp-block-columns-is-layout-flex\">\n<div class=\"wp-block-column is-layout-flow wp-block-column-is-layout-flow\" style=\"flex-basis:100%\">\n<h2 class=\"wp-block-heading\" id=\"nos-prochains-concerts\">Nos prochains concerts:<\/h2>\n<\/div>\n<\/div>\n\n\n\n<h2 class=\"wp-block-heading\" id=\"2022\"><span style=\"color: #0000ff;\">2026:<\/span><\/h2>\n\n\n\n<p class=\"has-luminous-vivid-amber-color has-text-color has-link-color wp-elements-1 wp-block-paragraph\" style=\"font-size:28px\"><\/p>\n\n\n\n<p class=\"wp-block-paragraph\"><strong>Dimanche 14 juin,<\/strong> 17h \u00e0 l&rsquo;\u00e9glise St-\u00c9tienne de Moudon (VD), pr\u00e9sentation de notre spectacle <strong>Bleu d\u00e9raille<\/strong> dans le cadre du <a href=\"https:\/\/www.festival-moudon.ch\/groupe\/bleu-comme-la-lune-2\/\" data-type=\"link\" data-id=\"https:\/\/www.festival-moudon.ch\/groupe\/bleu-comme-la-lune-2\/\">Festi Musiques de Moudon.<\/a><\/p>\n\n\n\n<figure class=\"wp-block-gallery has-nested-images columns-default is-cropped wp-block-gallery-1 is-layout-flex wp-block-gallery-is-layout-flex\">\n<figure class=\"wp-block-image size-large\"><a href=\"https:\/\/www.bleucommelalune.ch\/wordpress\/wp-content\/uploads\/2026\/01\/Flyer_BleuCommeLaLune_def_QR-copiekepi-1.jpg\"><img loading=\"lazy\" decoding=\"async\" width=\"722\" height=\"1024\" data-id=\"644\" src=\"https:\/\/www.bleucommelalune.ch\/wordpress\/wp-content\/uploads\/2026\/01\/Flyer_BleuCommeLaLune_def_QR-copiekepi-1-722x1024.jpg\" alt=\"\" class=\"wp-image-644\" srcset=\"https:\/\/www.bleucommelalune.ch\/wordpress\/wp-content\/uploads\/2026\/01\/Flyer_BleuCommeLaLune_def_QR-copiekepi-1-722x1024.jpg 722w, https:\/\/www.bleucommelalune.ch\/wordpress\/wp-content\/uploads\/2026\/01\/Flyer_BleuCommeLaLune_def_QR-copiekepi-1-212x300.jpg 212w, https:\/\/www.bleucommelalune.ch\/wordpress\/wp-content\/uploads\/2026\/01\/Flyer_BleuCommeLaLune_def_QR-copiekepi-1-768x1089.jpg 768w, https:\/\/www.bleucommelalune.ch\/wordpress\/wp-content\/uploads\/2026\/01\/Flyer_BleuCommeLaLune_def_QR-copiekepi-1.jpg 839w\" sizes=\"auto, (max-width: 722px) 100vw, 722px\" \/><\/a><\/figure>\n<\/figure>\n\n\n\n<hr class=\"wp-block-separator has-css-opacity\"\/>\n\n\n\n<p class=\"wp-block-paragraph\">En attendant, n&rsquo;h\u00e9sitez pas \u00e0 nous contacter pour nous faire part de vos projets: <a href=\"mailto:bleucommelalune@gmail.com\">bleucommelalune@gmail.com<\/a><\/p>\n\n\n\n<p class=\"wp-block-paragraph\">\u00c0&nbsp;bient\u00f4t !<\/p>\n\n\n\n<p class=\"wp-block-paragraph\"><\/p>\n","protected":false},"excerpt":{"rendered":"<p>Nos prochains concerts: 2026: Dimanche 14 juin, 17h \u00e0 l&rsquo;\u00e9glise St-\u00c9tienne de Moudon (VD), pr\u00e9sentation de notre spectacle Bleu d\u00e9raille dans le cadre du Festi Musiques de Moudon. En attendant, n&rsquo;h\u00e9sitez pas \u00e0 nous contacter pour nous faire part de vos projets: bleucommelalune@gmail.com \u00c0&nbsp;bient\u00f4t !<\/p>\n","protected":false},"author":2,"featured_media":0,"parent":0,"menu_order":0,"comment_status":"closed","ping_status":"closed","template":"","meta":{"footnotes":""},"class_list":["post-2","page","type-page","status-publish","hentry"],"_links":{"self":[{"href":"https:\/\/www.bleucommelalune.ch\/wordpress\/index.php?rest_route=\/wp\/v2\/pages\/2","targetHints":{"allow":["GET"]}}],"collection":[{"href":"https:\/\/www.bleucommelalune.ch\/wordpress\/index.php?rest_route=\/wp\/v2\/pages"}],"about":[{"href":"https:\/\/www.bleucommelalune.ch\/wordpress\/index.php?rest_route=\/wp\/v2\/types\/page"}],"author":[{"embeddable":true,"href":"https:\/\/www.bleucommelalune.ch\/wordpress\/index.php?rest_route=\/wp\/v2\/users\/2"}],"replies":[{"embeddable":true,"href":"https:\/\/www.bleucommelalune.ch\/wordpress\/index.php?rest_route=%2Fwp%2Fv2%2Fcomments&post=2"}],"version-history":[{"count":193,"href":"https:\/\/www.bleucommelalune.ch\/wordpress\/index.php?rest_route=\/wp\/v2\/pages\/2\/revisions"}],"predecessor-version":[{"id":680,"href":"https:\/\/www.bleucommelalune.ch\/wordpress\/index.php?rest_route=\/wp\/v2\/pages\/2\/revisions\/680"}],"wp:attachment":[{"href":"https:\/\/www.bleucommelalune.ch\/wordpress\/index.php?rest_route=%2Fwp%2Fv2%2Fmedia&parent=2"}],"curies":[{"name":"wp","href":"https:\/\/api.w.org\/{rel}","templated":true}]}}

<div class="wp-block-columns is-layout-flex wp-container-core-columns-is-layout-8f761849 wp-block-columns-is-layout-flex">
<div class="wp-block-column is-layout-flow wp-block-column-is-layout-flow" style="flex-basis:100%">
<h2 class="wp-block-heading" id="nos-prochains-concerts">Nos prochains concerts:</h2>
</div>
</div>



<h2 class="wp-block-heading" id="2022"><span style="color: #0000ff;">2026:</span></h2>



<p class="has-luminous-vivid-amber-color has-text-color has-link-color wp-elements-1 wp-block-paragraph" style="font-size:28px"></p>



<p class="wp-block-paragraph"><strong>Dimanche 14 juin,</strong> 17h à l&rsquo;église St-Étienne de Moudon (VD), présentation de notre spectacle <strong>Bleu déraille</strong> dans le cadre du <a href="https://www.festival-moudon.ch/groupe/bleu-comme-la-lune-2/" data-type="link" data-id="https://www.festival-moudon.ch/groupe/bleu-comme-la-lune-2/">Festi Musiques de Moudon.</a></p>



<figure class="wp-block-gallery has-nested-images columns-default is-cropped wp-block-gallery-1 is-layout-flex wp-block-gallery-is-layout-flex">
<figure class="wp-block-image size-large"><a href="https://www.bleucommelalune.ch/wordpress/wp-content/uploads/2026/01/Flyer_BleuCommeLaLune_def_QR-copiekepi-1.jpg"><img loading="lazy" decoding="async" width="722" height="1024" data-id="644" src="https://www.bleucommelalune.ch/wordpress/wp-content/uploads/2026/01/Flyer_BleuCommeLaLune_def_QR-copiekepi-1-722x1024.jpg" alt="" class="wp-image-644" srcset="https://www.bleucommelalune.ch/wordpress/wp-content/uploads/2026/01/Flyer_BleuCommeLaLune_def_QR-copiekepi-1-722x1024.jpg 722w, https://www.bleucommelalune.ch/wordpress/wp-content/uploads/2026/01/Flyer_BleuCommeLaLune_def_QR-copiekepi-1-212x300.jpg 212w, https://www.bleucommelalune.ch/wordpress/wp-content/uploads/2026/01/Flyer_BleuCommeLaLune_def_QR-copiekepi-1-768x1089.jpg 768w, https://www.bleucommelalune.ch/wordpress/wp-content/uploads/2026/01/Flyer_BleuCommeLaLune_def_QR-copiekepi-1.jpg 839w" sizes="auto, (max-width: 722px) 100vw, 722px" /></a></figure>
</figure>



<hr class="wp-block-separator has-css-opacity"/>



<p class="wp-block-paragraph">En attendant, n&rsquo;hésitez pas à nous contacter pour nous faire part de vos projets: <a href="mailto:bleucommelalune@gmail.com">bleucommelalune@gmail.com</a></p>



<p class="wp-block-paragraph">À&nbsp;bientôt !</p>



<p class="wp-block-paragraph"></p>

<p>Nos prochains concerts: 2026: Dimanche 14 juin, 17h à l&rsquo;église St-Étienne de Moudon (VD), présentation de notre spectacle Bleu déraille dans le cadre du Festi Musiques de Moudon. En attendant, n&rsquo;hésitez pas à nous contacter pour nous faire part de vos projets: bleucommelalune@gmail.com À&nbsp;bientôt !</p>
